{"id":165,"date":"2018-03-23T16:18:31","date_gmt":"2018-03-23T16:18:31","guid":{"rendered":"https:\/\/demo.cocobasic.com\/kapena-wp\/?page_id=165"},"modified":"2023-06-19T11:42:04","modified_gmt":"2023-06-19T11:42:04","slug":"hizmetler","status":"publish","type":"page","link":"https:\/\/ariftasker.com\/index.php\/hizmetler\/","title":{"rendered":"Hizmetler"},"content":{"rendered":"<div class = \"one_third \">\n<div class=\"service-item center-text relative \"><img decoding=\"async\" class=\"service-icon\" src=\"https:\/\/ariftasker.com\/wp-content\/uploads\/2018\/03\/icon_1.png\" alt=\"\"\/><h3 class=\"service-title\">Proje \u00c7izimi<\/h3><div class=\"service-content\">\n<ul>\n<li>M\u0130MAR\u0130 PROJE<\/li>\n<li>STAT\u0130K PROJE<\/li>\n<li>ELEKTR\u0130K PROJES\u0130<\/li>\n<li>MEKAN\u0130K PROJE<\/li>\n<\/ul>\n<\/div><\/div>\n<\/div>\n<div class = \"one_third \">\n<div class=\"service-item center-text relative \"><img decoding=\"async\" class=\"service-icon\" src=\"https:\/\/ariftasker.com\/wp-content\/uploads\/2018\/03\/icon_2.png\" alt=\"\"\/><h3 class=\"service-title\">Kontrol\/Denetim<\/h3><div class=\"service-content\">\n<ul>\n<li>STAT\u0130K KONTROL\u00d6RL\u00dcK<\/li>\n<li>ELEKTR\u0130K KONTROL\u00d6RL\u00dcK<\/li>\n<li>MEKAN\u0130K KONTROL\u00d6RL\u00dcK<\/li>\n<\/ul>\n<\/div><\/div>\n<\/div>\n<div class = \"one_third last \">\n<div class=\"service-item center-text relative \"><img decoding=\"async\" class=\"service-icon\" src=\"https:\/\/ariftasker.com\/wp-content\/uploads\/2018\/03\/icon_3.png\" alt=\"\"\/><h3 class=\"service-title\">Di\u011fer Hizmetler<\/h3><div class=\"service-content\">\n<ul>\n<li>\u015eANT\u0130YE \u015eEFL\u0130\u011e\u0130<\/li>\n<li>HAKED\u0130\u015e HESABI<\/li>\n<li>METRAJ \u00c7IKARMA<\/li>\n<li>N\u0130VO \u00d6L\u00c7\u00dcM\u00dc<\/li>\n<\/ul>\n<\/div><\/div>\n<\/div><div class = \"clear\"><\/div>\n<div class = \"one_third \">\n<div class=\"service-item center-text relative \"><img decoding=\"async\" class=\"service-icon\" src=\"https:\/\/ariftasker.com\/wp-content\/uploads\/2018\/03\/icon_4.png\" alt=\"\"\/><h3 class=\"service-title\">Hafriyat<\/h3><div class=\"service-content\">\nHafriyat kaz\u0131 i\u015flerinin t\u00fcm\u00fcne verilen add\u0131r. Projeniz i\u00e7in gereken kaz\u0131 i\u015flerini deneyimli ekip ile hizmet vermekteyiz. Kaz\u0131dan \u00e7\u0131kan malzemenin bir depolama alan\u0131na d\u00f6k\u00fclmesi ve burada d\u00fczeltilmesi de bu kavram\u0131n i\u00e7inde yer almaktad\u0131r. Kaz\u0131 i\u015fleri ekskavat\u00f6r, greyder, loder gibi i\u015f makineleri kullan\u0131larak da yap\u0131l\u0131r<br \/>\n<\/div><\/div>\n<\/div>\n<div class = \"one_third \">\n<div class=\"service-item center-text relative \"><img decoding=\"async\" class=\"service-icon\" src=\"https:\/\/ariftasker.com\/wp-content\/uploads\/2018\/03\/icon_5.png\" alt=\"\"\/><h3 class=\"service-title\">Proje Y\u00f6netimi<\/h3><div class=\"service-content\">\n<p>Proje y\u00f6netimi bir projedeki b\u00fct\u00fcn unsurlar\u0131 hesapland\u0131ktan sonra en h\u0131zl\u0131 \u015fekilde bitirilmesine y\u00f6nelik yol haritas\u0131n\u0131 verir. Projenin sorunsuz bir \u015fekilde y\u00fcr\u00fct\u00fclmesini, yap\u0131lar\u0131n b\u00fct\u00e7e d\u00e2hilinde ve planlanan zamanda tamamlanmas\u0131n\u0131 sa\u011flamak ve teknik kalite unsurlar\u0131n\u0131n ger\u00e7ekle\u015ftirilmesi i\u00e7in, projenin her a\u00e7\u0131s\u0131n\u0131n birbirini tamamlamas\u0131 gerekir. Proje y\u00f6netiminde Her a\u015famada m\u00fc\u015fteri onay\u0131 alarak tamamlanmas\u0131 i\u00e7in gerekli t\u00fcm safhalar\u0131 y\u00f6netiyoruz.<\/p>\n<\/div><\/div>\n<\/div>\n<div class = \"one_third last \">\n<div class=\"service-item center-text relative \"><img decoding=\"async\" class=\"service-icon\" src=\"https:\/\/ariftasker.com\/wp-content\/uploads\/2018\/03\/icon_6.png\" alt=\"\"\/><h3 class=\"service-title\">\u0130n\u015faat Teknisyeni Deste\u011fi<\/h3><div class=\"service-content\">\n<p>\u0130n\u015faat teknisyeni duvar \u00f6rme, kal\u0131plama, s\u0131va, boya gibi i\u015fleri yapar. Genellikle bir zanaat kolunda uzmanla\u015f\u0131r.<\/p>\n<\/div><\/div>\n<\/div><div class = \"clear\"><\/div>\n<script> var textSlider_speed = \"2000\";\r\n                var textSlider_auto = \"false\";                                                \r\n    <\/script>\r\n    <div id = \"textSlider\" class=\"text-slider-wrapper relative swiper-container\">\r\n    <div class = \"swiper-wrapper text-slider slider\">\r\n            \n<div class=\"swiper-slide \"><div class=\"slider-text-holder\">\n\u0130n\u015faat M\u00fchendisli\u011fi , Proje y\u00f6netimi, Hafriyat , Arsa Parsel Ve Altyap\u0131 \u0130\u015fleri.<br \/>\n<\/div><\/div>\n<div class=\"swiper-slide \"><div class=\"slider-text-holder\">\n\u0130n\u015faat M\u00fchendisli\u011fi , Proje y\u00f6netimi, Hafriyat , Arsa Parsel Ve Altyap\u0131 \u0130\u015fleri.<br \/>\n<\/div><\/div>\n<div class=\"swiper-slide \"><div class=\"slider-text-holder\">\n\u0130n\u015faat M\u00fchendisli\u011fi , Proje y\u00f6netimi, Hafriyat , Arsa Parsel Ve Altyap\u0131 \u0130\u015fleri.<br \/>\n<\/div><\/div>\n\r\n        <\/div><div class = \"clear\"><\/div><\/div><div class=\"swiper-pagination swiper-pagination-textSlider dots\"><\/div><div class=\"swiper-scrollbar swiper-scrollbar-textSlider dots\"><\/div>\n","protected":false},"excerpt":{"rendered":"","protected":false},"author":1,"featured_media":0,"parent":0,"menu_order":0,"comment_status":"closed","ping_status":"closed","template":"","meta":{"footnotes":""},"class_list":["post-165","page","type-page","status-publish","hentry"],"aioseo_notices":[],"_links":{"self":[{"href":"https:\/\/ariftasker.com\/index.php\/wp-json\/wp\/v2\/pages\/165","targetHints":{"allow":["GET"]}}],"collection":[{"href":"https:\/\/ariftasker.com\/index.php\/wp-json\/wp\/v2\/pages"}],"about":[{"href":"https:\/\/ariftasker.com\/index.php\/wp-json\/wp\/v2\/types\/page"}],"author":[{"embeddable":true,"href":"https:\/\/ariftasker.com\/index.php\/wp-json\/wp\/v2\/users\/1"}],"replies":[{"embeddable":true,"href":"https:\/\/ariftasker.com\/index.php\/wp-json\/wp\/v2\/comments?post=165"}],"version-history":[{"count":18,"href":"https:\/\/ariftasker.com\/index.php\/wp-json\/wp\/v2\/pages\/165\/revisions"}],"predecessor-version":[{"id":375,"href":"https:\/\/ariftasker.com\/index.php\/wp-json\/wp\/v2\/pages\/165\/revisions\/375"}],"wp:attachment":[{"href":"https:\/\/ariftasker.com\/index.php\/wp-json\/wp\/v2\/media?parent=165"}],"curies":[{"name":"wp","href":"https:\/\/api.w.org\/{rel}","templated":true}]}}